6)). Suppose 2*b = 2*c + 330, 0*b - 2*b + s = 4*c. Let v = -141 + b. What are the prime factors of v?
3, 7
Suppose 50*u - 21*u = 24070. List the prime factors of u - 9 - -1 - 6.
2, 3, 17
Let y = 61 - 30. Let f be (3 + -8 - -7) + y. Suppose -r + f + 189 = 0. What are the prime factors of r?
2, 3, 37
Let g be -7 + 0 + (16 - 12). Let o(b) = -129*b. Let a be o(g). Suppose 6*f - a = -57. List the prime factors of f.
5, 11
Suppose -3*h + 9 = -3*j, -2*h = -0*h + 3*j - 6. Suppose -17 = h*g - 23. Suppose 5*y - 286 = -g*q - q, 2*q + 5*y = 184. List the prime factors of q.
2, 3, 17
What are the prime factors of (15 - (-3867 - 7))*5?
5, 3889
Suppose 4*f + 1 - 29 = 0. Suppose -6984 = -f*l - 2*l. Suppose 6*j = 14*j - l. List the prime factors of j.
97
Let g be -11 + (2 - 3) + -3. Let n = g + 17. Suppose -103 = -2*w - n*o + 57, -409 = -5*w + 4*o. List the prime factors of w.
3
What are the prime factors of (2 + -300)/((-18)/1341)?
149
Let z(x) be the second derivative of -x**5/20 - x**4 + x**3/2 + 125*x**2/2 - 30*x. List the prime factors of z(-12).
89
Suppose 4*n - 5379 = -3*s, -3*n - 298 + 4346 = 5*s. Suppose 2*u = 897 + n. List the prime factors of u.
3, 373
Suppose n + 15 = 4*n. Let p(h) = -h**3 + 9*h**2 - 24*h + 76. Let q be p(5). Suppose -a = 4*s - 266, q = -4*s + n*s - 5*a. What are the prime factors of s?
2, 3, 11
Let b = -143 - -305. Let y = -32 + b. What are the prime factors of y?
2, 5, 13
Let p = 12462 - 4186. List the prime factors of p.
2, 2069
What are the prime factors of ((-13)/(-78) + 172/600*5)*30040?
2, 751
Suppose 223 = -2*x - 167. Let f = x - -237. List the prime factors of f.
2, 3, 7
Suppose 7*d + 7458 = 2*x + 5*d, -x + 3721 = -3*d. What are the prime factors of x?
3733
Let l be ((-84)/(-10))/(2/5). Suppose l = 3*m - 15. What are the prime factors of ((-6)/m)/(1/(-156))?
2, 3, 13
Suppose -5*a + 2*a = -g + 499, 6*g - 2916 = 5*a. List the prime factors of g.
13, 37
Let d = 40 + -20. Suppose 8*h - 60 = -d. Suppose 4*p = 5*t - 196, 4*t - t = h*p + 115. List the prime factors of t.
2, 5
Let s be (-2)/10 + ((-14031)/45 - -8). Let y = 351 - s. List the prime factors of y.
5, 131
Let s = -25 - -26. Let c(p) = -6*p + 5 - 2 + 0 + 2*p + 76*p**2. What are the prime factors of c(s)?
3, 5
Let h = 54 - -86. List the prime factors of -3 + (h/(-30))/(1/(-21)).
5, 19
Suppose -7*i + 16*i = 5274. Let q = i - 136. What are the prime factors of q?
2, 3, 5
Let a(t) = t**3 + 6 + 10*t - 2*t**3 + 2 + 0*t - 3*t**2. Let l(b) = 2*b**2 + 21*b + 34. Let i be l(-8). List the prime factors of a(i).
2, 7
Suppose -147*d = 83*d - 6608820. List the prime factors of d.
2, 3, 4789
Suppose 10877*f - 10858*f = 307743. What are the prime factors of f?
3, 5399
Suppose 4*q - 2*x - 100 = 150, -5*x = q - 68. Let t = q + -32. What are the prime factors of t?
31
Let x(a) be the second derivative of a**4/12 - a**3/3 + a**2/2 - 9*a. Let y be x(1). Let q(f) = -4*f + 32. What are the prime factors of q(y)?
2
Let o = -80 + 122. Let q = 82 - o. Suppose -2*p + q = 2*f - f, -48 = -2*p + f. What are the prime factors of p?
2, 11
Suppose 7*a - 8 = 5*a - 3*v, -2*a = -2*v - 8. Let z(n) = 175*n - 20. List the prime factors of z(a).
2, 5, 17
Let t(n) = -5*n - 4. Suppose 0 = 5*r + 2*j - 7, 2*r + j + 0*j - 2 = 0. Suppose 2*g + 16 = 2*y + 6*g, 0 = r*y + g + 1. List the prime factors of t(y).
2, 3
Let c = -260 - -265. Let w(f) = 2*f**3 + 4*f**2 + 3*f - 1. What are the prime factors of w(c)?
2, 7, 13
What are the prime factors of ((-528)/32 + 17)*(-2 - (-39524)/2)?
2, 5, 13, 19
Let z = 2350 + -1628. Suppose 1294 = 4*m - z. List the prime factors of m.
2, 3, 7
Suppose -3*s = -2*k - 34, 4*s + s - 5*k = 60. Let w be ((-2)/(-5))/((-2)/20). List the prime factors of (3 + s/w)*142.
71
Suppose -5*i - 2*u - 4*u = -24993, -2*i = 5*u - 9979. What are the prime factors of i?
3, 1669
Let h = -50103 + 74793. List the prime factors of h.
2, 3, 5, 823
Let k be -2*478/12 + 2/(-6). Let o = 203 + k. Let r = o - -6. List the prime factors of r.
3, 43
Let n(d) = -47*d**3 + 3*d + 62. What are the prime factors of n(-4)?
2, 11, 139
Suppose 5*f + 219 = 44. Suppose -124 = 7*l - 11*l. Let u = l - f. What are the prime factors of u?
2, 3, 11
List the prime factors of 52095/(-20)*88/(-33).
2, 23, 151
Suppose 106 = p + c, 2*p - 152 - 63 = -3*c. Suppose p*h - 101*h = 328. List the prime factors of h.
2, 41
Let v = 0 + -3. Let u be -5978 + v*2/3. What are the prime factors of (-3)/4*u/23?
3, 5, 13
Suppose 0 = -b - f - 2*f - 2, -2*b - 26 = -5*f. Let q = -34 - b. Let j = q + 230. List the prime factors of j.
2, 3, 17
Suppose -2179 = -g - 5*m, 15*g - 19*g + 8784 = 3*m. What are the prime factors of g?
3, 733
Let y(n) = -n**3 + 122*n**2 - 1751*n - 132. List the prime factors of y(38).
2, 11, 13, 191
Let y be 3/2*(-184)/(-6). Let f = y - 46. Suppose -11*r + 5*r + 180 = f. What are the prime factors of r?
2, 3, 5
Suppose -2*r + 3*u = u - 16, -4*r - u = -37. Suppose -r*j = j - 2960. List the prime factors of j.
2, 37
Let o = -11363 + 42535. What are the prime factors of o?
2, 7793
Suppose 119 = 2*c + u, -2*c + 166 = -2*u + 44. Let y = 3 - -2. Suppose -3*f = -f + 4, 5*f - c = -y*k. What are the prime factors of k?
2, 7
Let i(h) = h**3 - 7*h**2 + h - 16. Let g be i(7). Let p be -2*g/(-6) + -67. What are the prime factors of (46/4)/((-5)/p)?
7, 23
Let s(u) be the first derivative of 10*u**3/3 - u**2 + 6*u - 24. Suppose 5*f - 7 = 2*r, -3*r = 5*f - r - 23. What are the prime factors of s(f)?
2, 3, 5
Let i(v) = v**3 - 4*v**2. Let n(f) = f**2 + f + 2. Let p be n(-2). Let j be i(p). Suppose -2*k - 7*k + 486 = j. What are the prime factors of k?
2, 3
Suppose -19 = 14*d + 163. Let u = 60 + d. Let x = -9 + u. What are the prime factors of x?
2, 19
Let l be (-14)/21 + (-10)/(-6). Let s be (6 + -6)/(l + 2). Suppose 2*r - 4*j - 159 - 17 = 0, -4*j = s. List the prime factors of r.
2, 11
Suppose 27 = -4*w - 5*w. List the prime factors of (35 - -4)/(-1)*w.
3, 13
Let d(o) be the second derivative of -7*o**5/15 + o**4/24 + 2*o**3 + 7*o. Let n(x) be the second derivative of d(x). List the prime factors of n(-1).
3, 19
Let i(w) = -w**3 - 5 + 15 + 9*w**2 + 0*w - 4*w. Let x be 8*(-6*(-2)/12 + 0). What are the prime factors of i(x)?
2, 3, 7
Let y(h) = 2*h**2 - 11*h + 104. Suppose -17 - 223 = 10*a. What are the prime factors of y(a)?
2, 5, 19
Let f be ((-1)/(-2))/(2/12). Suppose -3*m + y = -5*m + 677, -f*y - 1038 = -3*m. List the prime factors of m.
11, 31
Suppose -p + 23 = 4*k, k = 2*p + p - 56. Suppose -p*u + 11*u = -520. List the prime factors of u.
5, 13
Let j = -678 - -1307. List the prime factors of j*(-8)/(-16)*(5 - 3).
17, 37
Let a = -3 + 10. Suppose 6 = -a*z + 258. List the prime factors of z.
2, 3
Let n = 17369 + -10056. What are the prime factors of n?
71, 103
List the prime factors of 11 - (11 - 28860 - (-14 - -3)).
17, 1697
Suppose -34*k + 307 + 305 = 0. Let w(u) = -u**3 + 20*u**2 - 8*u - 6. List the prime factors of w(k).
2, 3, 83
Suppose -44*d + 49*d - 76765 = 5*p, -p + 30706 = 2*d. List the prime factors of d.
13, 1181
Suppose -8 = -3*x + 5*n - 5, 0 = 4*x + 5*n - 39. List the prime factors of 14/(-7) - (x - 349).
11, 31
Let a(v) = -v**3 - 23*v**2 - 2*v + 12. Let p be a(-19). Let j = -735 - p. What are the prime factors of j?
659
Let u = 270 - 282. List the prime factors of 15/u - (-2777)/4.
3, 7, 11
Let a(u) = -u**3 - 9*u**2 + 5*u - 14. Let n be a(-10). Let p = n + -33. Suppose p*f + 2*f = 180. What are the prime factors of f?
2, 3
Let v(r) = -32*r + 160. Let k be v(5). Suppose -688*x + 696*x - 13336 = k. List the prime factors of x.
1667
Let v = -47 + 57. Suppose 333 - 15153 = -v*m. What are the prime factors of m?
2, 3, 13, 19
Suppose -5*r + 4 = -36. Let w(l) = 8*l**2 - 15*l + 84. What are the prime factors of w(r)?
2, 7, 17
Suppose -5122 = -9*q + 19232. Let c = q + -1088. List the prime factors of c.
2, 809
Suppose 5*p = 2*r - 75 + 530, -4*r = 2*p + 970. What are the prime factors of (440/160)/((-2)/r)?
2, 3, 5, 11
Suppose 148*p = 4063815 - 940010 + 3870527. List the prime factors of p.
3, 59, 89
Suppose 881*b = 832*b + 561295. What are the prime factors of b?
5, 29, 79
List the prime factors of 2502*3 - 120/(-49 + 19).
2, 5, 751
Let f(i) = -24488*i**3 + 13*i**2 + 12*i - 4. What are the prime factors of f(-1)?
5, 59, 83
Let d(x) = 18*x**2